 -3 + 33. Suppose h*m - 20 = 0, 4*b = 2*m + 7 - 39. Calculate z(b).
13
Suppose 162 = -62*o + 68*o. Suppose -17*t + 92 = -o. Let z(u) = -u + 9. Give z(t).
2
Let l(k) = -29*k + 69. Let g be l(2). Let j(s) = -2*s**2 + 21*s + 7. What is j(g)?
-4
Let d(t) = t - 6. Let y be d(8). Let n(f) be the first derivative of f**2/2 - 5*f - 346. Determine n(y).
-3
Let b(v) = -5*v**3 + 4*v**2 - 11. Let m(r) = -3*r**3 + 2*r**2 - 5. Let u(s) = -4*b(s) + 9*m(s). Suppose 9 = -3*h - 2*y, 8*h - 4*y - 7 = 3*h. What is u(h)?
8
Let v(l) = l**2 + 2*l - 1. Let f(k) = k - 10. Let j be f(7). Let i be (-2 + (0 - j))/(0 + 1). Let h be (-3)/(-6)*-8*i. Determine v(h).
7
Let r(f) = f**2 + 13*f + 7. Let s = -13974 - -13965. Calculate r(s).
-29
Let y(q) be the third derivative of 5*q**2 - 1/2*q**3 - 1/60*q**5 + 7 + 0*q - 7/24*q**4. What is y(-7)?
-3
Let i(d) be the third derivative of 0*d**5 + 0*d + 0*d**4 + 1/60*d**6 + 0*d**3 - 2*d**2 + 0. Let f(b) = -b**2 + 179*b + 179. Let o be f(-1). Determine i(o).
-2
Let j(c) = 4*c**2 + 11*c + 22. Let o be j(-6). Let i(d) = 2 - o*d**2 + 94*d**2 + 0 + 2*d**3 + d - 3*d**3. Give i(-6).
-4
Let l be 4 + (-29 - (13 + -34 + 10)). Let r(p) = -p**2 - 11*p + 41. Give r(l).
-1
Let o be 22/(((-14)/(-8))/7). Let a = o + -83. Let w(f) = f - 3*f + f**2 - 4*f + f - 6. Give w(a).
-6
Let q(o) be the third derivative of o**5/12 - o**3/6 - 3*o**2. Suppose 9*l - p = 11*l - 393, 3*l = 2*p + 586. Let g be (-1)/(-4) + 147/l. Give q(g).
4
Let v(s) = -30*s**2 - 4*s + 20. Let b(i) = 2*i**2 - 2*i - 2. Let o(p) = 14*b(p) + v(p). Determine o(-15).
22
Suppose 3*y - y + 5*k + 2 = 0, -3*y - 16 = k. Let m(r) be the third derivative of -2 - 80*r**2 + 0*r**3 + 0*r - 1/24*r**4. Give m(y).
6
Suppose -67*z + 62*z = -320. Let u = -64 + z. Suppose 0*l - l - 2 = 0, -r + 4*l + 2 = u. Let x(v) = -v**3 - 6*v**2 + v + 1. Give x(r).
-5
Let w be 5 + (-10 - -5) - -28. Suppose 2*i - b + w = 0, -6*b + b - 68 = 3*i. Let g(y) = y**3 + 17*y**2 + 16*y - 4. What is g(i)?
-4
Let o(s) = -3 + s + 7*s**2 + s**3 + 0*s**2 - s**2 + s. Suppose -6*m + 17 = -5*v - 8*m, 0 = 4*v - 5*m + 7. Give o(v).
18
Suppose -2*w - 27 = 7*w. Let p(i) = -5*i. Let f(h) = 7*h - 1. Let b(y) = w*f(y) - 4*p(y). Give b(-9).
12
Suppose -l + 2*l + p = -1, -25 = 5*l - 5*p. Let t(o) be the third derivative of -o**5/60 - 5*o**4/24 - o**3/3 + o**2. Determine t(l).
4
Let i(d) = d - 1. Let u(y) = 6*y**3 + y**2 - y. Let l(k) = -i(k) + u(k). Let z(q) = 3393*q - 78038. Let x be z(23). Determine l(x).
6
Let z(x) = -x**2 - x + 29. Let y be z(5). Let s(r) = r**2 - r - 1. Let q(u) = -u - 3. Let l(n) = y*s(n) - q(n). Determine l(5).
-11
Let o(y) = y**3 - 7*y**2 + 3*y - 11. Let v be 4 + (4 + 24 + -16)*(-1)/(-4). What is o(v)?
10
Let g(z) be the second derivative of z**5/20 - 7*z**4/12 - 7*z**3/6 + 531*z + 2. Suppose 12*l - 9*l = 24. Calculate g(l).
8
Let o(c) = -5*c**2 + 30*c - 13. Let m(f) = -10*f**2 + 63*f - 28. Let h(l) = -9*m(l) + 19*o(l). Determine h(4).
-63
Let n(t) = t**3 + t**2 - 2*t - 1. Suppose -4*c + u - 22 = -0*u, 5*c + 2*u = -34. Let p be ((-16)/c)/((-4)/(-6)). Suppose 0*j + 2*j = -p. Give n(j).
-1
Let r be -10*(13 - (-2 + 14)). Let m(z) = z**3 + 10*z**2 - 4. Give m(r).
-4
Let s(y) = y**3 - 3*y**2 - 15*y + 27. Let l be s(5). Let x(b) = b**3 - 3*b**2 - 2*b - 2. What is x(l)?
-10
Let r(q) = 4*q + 6. Let z(w) = -2*w + 8. Let g(x) = -7*r(x) + 4*z(x). What is g(-4)?
134
Let b(k) be the first derivative of k**3/3 + 5*k**2/2 - 6*k + 65. Let f = -1333 - -1338. Determine b(f).
44
Let s be (-5)/2*2916/(-135). Let x be (s/27)/((-2)/(-3)). Let m(b) = 5*b**2 - 2*b - 4. Determine m(x).
35
Let u(n) = -n**3 - 7*n**2 - n - 3. Suppose -10 = 5*a + 5. Let d be 16 + (-4 - 6/a). Suppose d + 7 = -3*o. Calculate u(o).
4
Let c be 3 + (-55)/50*-10. Let w(q) be the first derivative of 3/2*q**2 + 5/3*q**3 + 1/4*q**4 + c + 6*q. Calculate w(-5).
-9
Let w(f) = 2*f - 2*f - f + 2. Suppose -24*i + 12*i = -132. Suppose 0 = -q - 7 + i. What is w(q)?
-2
Let x(h) be the second derivative of -h**5/20 - 7*h**4/12 - 5*h**3/6 - 3*h**2/2 + 3*h + 36. Determine x(-7).
32
Let i(n) = 89*n**3 + n**2 - 2. Let j be i(-1). Let x = j - -91. Let y(h) = 2 - 2*h**2 - x + h - h. What is y(-1)?
-1
Let h(j) be the first derivative of -j**3/3 + 14*j**2 - 199*j + 1522. What is h(13)?
-4
Let s be 0 - (1 + 4)*13. Let x be (-445)/s - (-2)/13. Let k(m) be the first derivative of m**2/2 - 2*m - 5250. Give k(x).
5
Let v(c) = c**2 - 9*c - 37. Let k be ((-360)/(-165))/(12/66). What is v(k)?
-1
Let r(b) = -54*b - 13. Let v(z) = 148*z + 36. Let m(g) = 11*r(g) + 4*v(g). What is m(7)?
-13
Let j(z) = z + 1. Suppose 0 = 9*r + 55 - 145. Let p(q) = q**2 - 3*q - 68. Let d be p(r). What is j(d)?
3
Suppose 0 = 8*z - 1556 + 1372. Let d(k) = z*k - 6*k - 14*k. Give d(-3).
-9
Let s be (-18)/4 - 4/8. Let r(w) = 19*w - 1. Let k(z) = 101*z - 4. Let l(y) = k(y) - 5*r(y). Determine l(s).
-29
Let r(z) = -2*z**2 + 5*z + 5. Let i = -45 + 44. Let b(q) = q**2. Let o(y) = i*b(y) - r(y). Suppose -12*n + 46 = 3*k - 17*n, k = 4*n + 27. What is o(k)?
9
Let a be 8/(-40) - (-1 - 62/10). Let i(y) = 0*y**2 - a - 73*y + 71*y + 2*y**2. Calculate i(5).
33
Let y(s) be the second derivative of s**3/6 + 11*s**2 + 1637*s. Give y(-27).
-5
Let j be -19 + (-589)/(-38) - (-6)/(-4). Let f(z) = 10*z + 52. Determine f(j).
2
Let d = -5301 - -5301. Let v(s) be the first derivative of 5 + d*s - 1/2*s**2 + s**4 + 2/3*s**3. Give v(1).
5
Let w(g) be the first derivative of -g**2/2 - 13*g - 3074. Give w(7).
-20
Let z be (0 - -2 - -4) + -20*9/18. Let t(d) = d - 1. Let p(n) = 4*n - 38. Let l(x) = -p(x) + 10*t(x). Let o be l(z). Let y(u) = 2*u - 4. Calculate y(o).
4
Suppose 10*j - 13*j - 72 = -2*y, j - 2*y + 28 = 0. Let m(t) = -t**2 - 17*t + 116. What is m(j)?
6
Let h be 3*90/9*(-3)/(-18). Let j(s) = -s**3 - 4*s**2 + s + 12. Let k(o) = -2*o**3 - 3*o**2 + o + 12. Let l(c) = 3*j(c) - 2*k(c). Give l(h).
-8
Let t(b) = b + 1. Let r be t(6). Let p(u) be the third derivative of u**4/24 + u**3/3 - 535*u**2. Determine p(r).
9
Suppose -5*r + 45 = 5*x, -5*r + 26 = 4*x - 15. Let j(f) = -130*f - 2. Let c(w) = -111*w - 2. Let s(d) = 7*c(d) - 6*j(d). What is s(r)?
13
Let i(x) = -16*x + 81. Let b be i(-4). Let u = 147 - b. Let y(p) = -2*p**2 + 3*p - 3. Give y(u).
-5
Let l(a) be the third derivative of a**4/8 - 2*a**3/3 + 2*a**2 + 40*a. Determine l(1).
-1
Let x(n) = -3*n**2 + 129*n - 175. Let s(h) = -h**2 + 45*h - 58. Let z(y) = 8*s(y) - 3*x(y). What is z(23)?
-31
Let k = -208 + 213. Let h(j) = 0 + k - 151*j**3 + 152*j**3 - j + 5*j**2. Suppose 2*g + 7 = -p, 0*g + 11 = -g + 2*p. Give h(g).
10
Let m(a) = -7 + 1471*a**2 + 5*a - 2941*a**2 + 1469*a**2 + 2*a. Give m(7).
-7
Let a = 357 + -329. Suppose -a*k = -36*k + 40. Let g(v) = -v**2 + 10*v - 7. Give g(k).
18
Let y = 10076 + -10068. Let j(g) = -2*g**2 + 8*g + 12. Give j(y).
-52
Let f(c) = c**3 + 12*c**2 + 12*c. Let i be 0/(-10) + (-5)/(-1). Suppose -2*y = -3*d + 31, 0 = -2*y + i*d - 72 + 35. Calculate f(y).
-11
Let a(v) = 40*v + 206. Suppose 121*u = -11*u - 660. Give a(u).
6
Let o(f) = -2*f - 28 + 24 + 4*f + 3*f. Let g be 1 + (-134)/4*-2 - 0. Let i = 74 - g. Determine o(i).
26
Let f(i) be the first derivative of 1/2*i**2 + 23 + 2*i + 1/3*i**3. Let g(t) = t**3 + t**2 - 2*t - 3. Let j be g(-2). Give f(j).
8
Let o(r) = -11*r - 13*r - 19*r + 6 + 38*r. Let n(m) = -9*m + 11. Let v(i) = -6*n(i) + 11*o(i). What is v(3)?
-3
Let i(z) = -11*z**2 + 44*z - 3. Let s(q) = -8*q**2 + 31*q - 2. Let b(y) = 5*i(y) - 7*s(y). What is b(-5)?
9
Let n(r) be the second derivative of 5*r**3/3 + 11*r**2 - 824*r. Calculate n(-3).
-8
Suppose -2754*f = -2771*f + 51. Let c(a) = -2*a**3 + 4*a**2 - 4*a + 13. Give c(f).
-17
Let r be (2/(-4) + -1)*2. Let f(d) be the first derivative of -5*d**2/2 - 5*d - 9175. Calculate f(r).
10
Let s(v) be the first derivative of -v**2/2 - 36*v - 412. What is s(-35)?
-1
Suppose 0 = 2*h - v - 44, 10*h - 86 = 6*h + v. Suppose -10 = 19*s - h*s. Let c(g) = g**2 - 8*g + 16. Calculate c(s).
1
Let a(v) = v**3 + v**2 + v - 2. Let m(k) = 4*k**3 + 11*k**2 + 3*k - 16. Suppose 4 - 10 = 6*o. Let f(x) = o*m(x) + 5*a(x). Calculate f(6).
18
Let i(c) = c**2 - 7*c + 1. Let b(v) = -v**3 + 2*v**2 + 4*v - 1. Let l be b(-3). Suppose -l*s + 37*s - h = 37, -2*s + 6 = 4*h. Calculate i(s).
1
Let c(o) be the third derivative of 1/30*o**5 - 12*o**2 + 